?
True
Let r(a) = -2*a**2 + 2 + a + 0 - a. Let o be r(-2). Is 2 - (-3)/o*-790 a composite number?
False
Suppose 0 = 3*a - 12, -4*a = -22*v + 26*v - 746220. Is v prime?
True
Let j(s) = -14950*s + 835. Is j(-18) a composite number?
True
Suppose -32*x = -62*x - 129*x + 499201647. Is x prime?
False
Suppose -5*f = -q - 0*q + 21, f - 21 = -4*q. Suppose -q*k = -8*k + 6. Suppose -a - k*a = -1256. Is a composite?
True
Suppose -33*y - 4*l - 61043 = -36*y, -y + 3*l + 20356 = 0. Is y prime?
True
Is (-422804)/(-10)*(5/(-10) + 3) a composite number?
False
Suppose -2*x - 43 + 3 = s, -3*s - 102 = -3*x. Let r(w) = w**3 + 47*w**2 - 11*w + 107. Is r(s) a composite number?
False
Suppose 2*m - 4*c = 388, 2*m + c - 420 = -3*c. Suppose 3*r + m + 932 = 0. Let a = -187 - r. Is a a prime number?
True
Let c = 2133219 - 1219108. Is c composite?
True
Suppose j = -j + 4*w - 2, 0 = 4*j - 4*w + 16. Let i(m) = m**2 + 8*m + 11. Let o be i(j). Suppose -2800 = -o*t - 884. Is t a composite number?
False
Let y be 0/(5 + (-4 - 2 - -3)). Suppose y = -2*q + 75962 + 3600. Is q a prime number?
False
Let y(t) = -480*t + 11. Let o be 68/6*(-2 - 114/(-12)). Let j = o - 92. Is y(j) composite?
False
Let k(l) = -l**3 - 36*l**2 - l - 34. Let s be k(-36). Let z(m) = 247*m**3 + 3*m**2 - 8*m + 7. Is z(s) a prime number?
True
Suppose -2*i = 5*p + 2285, 6*p - 5*i = p - 2320. Let r = p - -944. Let d = r - 284. Is d composite?
True
Suppose 15 = 81*n - 76*n, -5*f = -4*n - 213943. Is f composite?
True
Let a(o) = -o**3 - 2*o**2 - 4. Let i be a(-3). Suppose n + 3*n = 3*g - 2209, 0 = -i*g - 3*n + 3701. Is g a composite number?
False
Is (-3 + 4)/((-167)/(-24869807)) a composite number?
False
Let o(y) = 19*y + 23. Let x be o(10). Let z be 3*(x/45 + 10/(-25)). Let i(r) = r**3 - 14*r**2 + 19*r - 1. Is i(z) prime?
False
Suppose 10*o = b + 5*o - 37288, 0 = -b + 2*o + 37279. Is b a prime number?
True
Let f be 991570/25 + 2 - 1/(-5). Suppose -5*d = -7780 - f. Is d prime?
False
Is (-1)/(-3 + 549/5951898*97572/3) a composite number?
False
Let z be (12/(-8)*10)/1. Is (-2409)/(-2) + z/(-6) prime?
False
Let o(j) be the first derivative of -47*j**2/2 + 16*j + 35. Let y be o(-12). Let z = y - 199. Is z composite?
True
Let s = -23427 - -37534. Is s a composite number?
False
Suppose -4*w - 86 = -66. Is (7189 + -3)*1/(-10)*w prime?
True
Let v(b) = 101*b**2 - 7*b - 9. Suppose -4*f = a, -4*a - 6*f = -9*f - 19. Is v(a) composite?
False
Let l = 19410 + 119371. Is l a prime number?
False
Let j = 714402 + -366193. Is j a prime number?
True
Let d(x) = x - 7. Let i be d(13). Let s be 1166/(-6) - i/9. Let z = 356 + s. Is z a prime number?
False
Let k = 482 - 457. Is 3 + 298905/k - (-4)/(-20) a composite number?
False
Suppose 30*t - 2017337 = 2067673. Is t composite?
True
Let b(z) = 7*z**3 + 5*z**2 - 8*z - 35. Is b(22) a composite number?
True
Suppose -71*k + 110*k = 51*k - 322404. Is k a composite number?
True
Suppose -6 = -2*b - 5*q, -2*b + 4*q + 5 = -1. Suppose -9*n = -b*n - 3096. Suppose -g = -5*g + n. Is g a prime number?
False
Is (3781719/54)/((-94)/12 + 8) composite?
False
Suppose 647833 = 39*l - 725006. Is l composite?
False
Let b be (0 + 1)/(-2 + 3). Let n be 0*(-4)/20 + 187 + b. Let l = 935 + n. Is l a prime number?
True
Let h(i) = 782*i - 9. Let v be (-4)/(-7)*(-5 + 19). Is h(v) prime?
True
Let l be (4/24*6)/((-2)/(-8)). Suppose 2 = -c, -l*c - 9605 = 4*q - 7*q. Is q a composite number?
True
Suppose 82*j = 90*j - 416. Suppose -z - 1 = 0, 50*d - j*d - z = -1141. Is d a prime number?
True
Let f(v) = v**2 - 4*v - 9. Let a be f(5). Let c be 1067/121 - a/22. Suppose 4*p + 790 = c*p. Is p a composite number?
True
Suppose -23 = -5*i - 2*u, 6*i + 4*u - 11 = 3*i. Suppose -3*g + 11 = -k - 5, -k - 28 = -i*g. Suppose g*o - 15*o + 333 = 0. Is o composite?
False
Suppose -5*q + 18 = -3*n, n = -q + 3*n - 2. Suppose q*a - 4 = -10. Is (-3*2/(-6))/a - -572 a composite number?
False
Is 8/(-5) - (-4106748)/580 a composite number?
False
Let i(f) = -14*f**2 - 70 + 12*f - 14 + 42*f**2 - 7*f. Is i(-13) prime?
True
Let w(f) = 3*f**3 - 11*f**2 + 34*f + 21. Suppose 0 = 3*q + n - 25, 3*q - 35 = 10*n - 6*n. Is w(q) a composite number?
True
Let d(c) = 126*c**2 + 7*c + 24. Suppose -79 = -13*b + 38. Let n be d(b). Suppose -4*q - 3609 + n = 0. Is q a composite number?
True
Suppose 36*c + 23 = 671. Suppose -c*t + 256775 = 84533. Is t a prime number?
False
Is 139290/((-39)/(-13)) - (-1 + -2) prime?
False
Let w(j) = 441*j**2 - 103*j + 759. Is w(7) a composite number?
False
Let v be (-169224)/(-55) + (-12)/(-10). Suppose 3*r + 5*s = v + 4885, 13261 = 5*r + 3*s. Is r a prime number?
False
Let p(n) = -n**3 - 17*n**2 + 9*n + 4. Let c be p(10). Let g = 5185 + c. Is g a prime number?
True
Suppose 2*f + 2*x - 1446 = 1316, -5*f + x + 6887 = 0. Let b be f - (-8)/(16/(-6)). Let o = b + 2380. Is o a prime number?
False
Let x(w) = -574*w**3 + 12*w**2 + 78*w + 1. Is x(-6) composite?
True
Let m = 624 - 278. Suppose -4*h + 38 = 3*b + 225, 4*b + 149 = -3*h. Let k = m - h. Is k a composite number?
False
Let g = 407761 + 58560. Is g a composite number?
False
Is ((-8052)/4697)/(-1*(-2)/(-25683)) - 1 prime?
True
Is ((-26)/(-104)*-13989)/((-3)/4) a composite number?
False
Let m(r) = -2*r + 15. Let y be m(5). Let x = -16 + 19. Is ((-139)/y)/(-5*x/75) prime?
True
Is (-3 + 4 + 1 - -22337)*(-15 + 16) a composite number?
True
Let g(n) = n**3 + 32*n**2 - 46*n - 54. Let l(o) = 46*o + 107. Let k be l(-3). Is g(k) a composite number?
False
Let f = 179718 - 19411. Is f prime?
False
Suppose 598247 = 26*q - 13*q. Is q a composite number?
True
Is ((-284558)/(-3))/(54/81) composite?
True
Let b(l) = 98*l**2 + 22*l - 10. Suppose 24 + 32 = 14*c. Is b(c) a prime number?
False
Let s(g) = -g**3 - 15*g**2 - 9*g - 3. Let x(d) = d**2 - 12*d + 21. Let r be x(5). Let y be s(r). Let o = 130 + y. Is o composite?
True
Let m(h) = -41771*h**2 - 15*h + 47. Let s be m(5). Is ((-2)/2)/(39/s) prime?
True
Let y = -30 + 33. Is (5571/6)/y*16/4 a composite number?
True
Suppose 17*v - 400395 - 11396 = 0. Is v a composite number?
False
Let q = 272888 - 33741. Is q a prime number?
True
Is ((-186)/24 - -8)*4*3217 a composite number?
False
Let b be (-4)/(-6) + 6/18. Let d be ((-130268)/(-145))/((1/5)/b). Suppose d = 22*u - 18*u. Is u composite?
False
Let f(g) = 2*g**2 - 25*g + 44. Let t be f(2). Suppose 5*k + 4022 = -5*i + 23897, 0 = 5*i + t*k - 19869. Is i a prime number?
False
Let v(q) = -8*q**2 - 48*q - 12. Let b be v(-5). Is 28439/7 + ((-76)/b - -3) composite?
True
Let r = 15368 + -23668. Let y = r - -11949. Is y a composite number?
True
Suppose 321688 = 4*m + 4*l, -616*l = 4*m - 618*l - 321730. Is m a composite number?
False
Suppose -3*w + 4*p = -105949, -107670 = -4*w + 5*p + 33594. Is w composite?
False
Let t be (-32)/12*(5 + -8) + -3. Suppose -t*o + 17939 = -4*g, -3*g + 14352 = 4*o - 7*g. Is o composite?
True
Let c(x) = x**3 + 6*x**2 + 8*x + 5. Let t be c(-6). Let b = 45 + t. Suppose 0 = 5*v - v + q - 942, 936 = 4*v - b*q. Is v composite?
True
Suppose 43*d + 136 = 77*d. Let p(z) = 6*z**3 - z**2 - z + 1. Let v be p(1). Suppose -d*f = -v*f + 142. Is f a composite number?
True
Let x be (-10)/15 + (-50987)/(-3). Suppose -14*l - x = -17*l. Suppose -5*t + t + 4550 = 2*k, -2*k = -5*t + l. Is t a prime number?
False
Let t be (3/2)/(4*(-4)/(-32)). Suppose -4*c + 4*v = -3169 - 2687, -2*c + 2933 = -t*v. Let b = c + -970. Is b a composite number?
True
Let s(b) = -112*b**3 - 25*b**2 - 191*b + 29. Is s(-8) a composite number?
False
Suppose 7 = y + 12, -x + 11942 = -3*y. Suppose -3*h = -p - 26052, 5*h - 5*p - x = 31503. Is h composite?
True
Let z be -2 - (-7)/2 - 60/40. Suppose z = 5*q - 2*k - 4797, 2*q - 613 = 3*k + 1308. Is q composite?
True
Suppose -527*d + 526*d - 44 = 0. Let p = d - -825. Is p a composite number?
True
Suppose 0 = 22*j - 312185 - 234317. Is j composite?
False
Suppose 0*g - 5*g = 9755. Suppose 393*u = 372*u - 21924. Let l = u - g. Is l a composite number?
False
Suppose -5*i + 5 = -5. Let m(d) = d**2 + 7*d + 4. Let q be m(-7). Suppose -r + 500 = t, 982 = -0*t + i*t - q*r. Is t a prime number?
False
Let u = -14926 - -27149. Is u a prime number?
False
Let c = 173994 - 67313. Is c a composite number?
False
Let i = 100 + -14. Suppose -4*x + i = -658. Suppose -5*d + 1681 = x. Is d a prime number?
False
Suppos